r when b(-34) is divided by 51?
47
Let r = 15514 + -7096. Suppose r = 23*o - 0*o. Calculate the remainder when o is divided by 37.
33
Let i be 0*(9/(-9))/2. Let c(l) = -7*l**2 - l + 34. What is the remainder when c(i) is divided by 25?
9
Calculate the remainder when 1292 is divided by 10/(-15)*-3 - -18.
12
Suppose 40*q = 36*q - 228. Let c = q - -61. Suppose -c*y = -4*n + n - 137, y + n - 43 = 0. Calculate the remainder when 73 is divided by y.
35
Suppose 0 = -f + 197 + 3787. Calculate the remainder when f/108 - 1/(-9) is divided by 10.
7
Suppose -3281 + 964 = -138*j + 1133. Calculate the remainder when 20847 is divided by j.
22
Let i(a) = 41*a - 122. Let u be i(11). Let m = -128 + u. Calculate the remainder when m is divided by 6.
3
Let v = 11 + -4. Suppose -28 = 75*t - 82*t. Calculate the remainder when v is divided by t.
3
Suppose 0 = -289*c + 4394 + 443556. Calculate the remainder when c is divided by 141.
140
Suppose -2*i = 3*l - 3859, 414 = 3*i - 7*l - 5340. Calculate the remainder when i is divided by 107.
106
Let w be ((-25)/(-4) - 4)/(1/4). Suppose -4*m + 21 = -7. Suppose -4*d - p - 11 = -w*d, -4*d - p + m = 0. Calculate the remainder when 12 is divided by d.
0
Suppose 0 = -24*i - 6*i - 17*i + 8789. Calculate the remainder when 604 is divided by i.
43
Let s = 313 + -459. Let b = s - -153. Calculate the remainder when 128 is divided by b.
2
Suppose 10*y = 6519 + 1171. What is the remainder when y is divided by 379?
11
Let v(w) = -w**3 + 11*w**2 + 12*w - 12. Let p be 4/(-2) - 1 - -15. Let f be v(p). Calculate the remainder when 53 is divided by (-5)/((-15)/f) + 23.
15
Suppose 3*m + m - 5*a - 171 = 0, -5*m + 3*a + 230 = 0. Calculate the remainder when m is divided by 9*(-224)/(-204) - (-2)/17.
9
Let v(o) = -2*o**3 - 18*o**2 - 12*o - 5. Let z be v(-8). Calculate the remainder when 90 is divided by (-3)/(-12)*-2*(-9 + z).
21
Suppose -194*y + 2*i = -189*y - 80, 0 = y + i - 23. Suppose -2*k + 7*k = 935. Let z = k - 119. What is the remainder when z is divided by y?
14
Let f(b) = 33*b**2 + 112*b - 332. What is the remainder when f(3) is divided by 31?
22
Let m be 6/(-9) + (9867/9)/11. Calculate the remainder when 47 is divided by (m/6 + 0)*(-4)/(-6).
3
Let p = 92 - 79. Suppose -9*d + p + 14 = 0. Suppose 7 = 4*q - 5*m - 62, -d*m - 51 = -3*q. What is the remainder when 141 is divided by q?
13
Let t(p) be the third derivative of -p**4 + 119*p**3/3 - 184*p**2. What is the remainder when 68 is divided by t(9)?
2
Suppose 0 = 9*h - 1003 - 1067. Let z = 312 - h. Calculate the remainder when z is divided by 29.
24
Let a = 223 + -169. Suppose -3*z + 1989 = 4*o + 34, 2*o + 2*z = 980. Calculate the remainder when o is divided by a.
53
Let d(z) = -z**3 - 22*z**2 - 42*z - 6. Calculate the remainder when d(-21) is divided by 216.
3
Let u = 12 - 0. Let c = 212 + -173. Calculate the remainder when c is divided by (-1*3)/(u/(-88)).
17
Let m be (-4)/(-8)*-6*-1*1. Suppose -m*d + 0*d = -45. Calculate the remainder when 13 is divided by d/2*(-36)/(-54).
3
Calculate the remainder when 5087 is divided by 73 + (6/(-16))/((-21)/168).
71
Suppose 79 = 2*v - v. Let t = v - 41. Suppose -f = 6*z - 7*z - 11, 3*f - z = 37. Calculate the remainder when t is divided by f.
12
What is the remainder when (1 - 2) + (-192)/(-1) is divided by (-80)/180 + (-880)/(-36)?
23
Calculate the remainder when 44 is divided by -34 - -25 - (0 + -14).
4
Let f(g) = -19*g**3 - 44*g - 95. Calculate the remainder when 751 is divided by f(-2).
26
Suppose -5*o = -4*w - 13404, -13397 = o - 6*o - 3*w. What is the remainder when o is divided by 149?
147
Let o = 81 - 76. Suppose b - 116 = -o*j, 5*b + 41 = j - 3. Calculate the remainder when 91 is divided by j.
19
Let a be (-702490)/(-25) + (-4)/(-70)*7. What is the remainder when 221 is divided by a/350 + 2/(-7)?
61
Let j(o) = -91*o + 1524. What is the remainder when 7071 is divided by j(16)?
67
Let t(h) = -h**2 - 16*h - 52. Let y be t(-4). Calculate the remainder when y/(7/(126/(-4))) is divided by 9.
0
Let l be (38/(-4))/(10/(-40)). Calculate the remainder when -1*((-1 - l) + -4) is divided by 283/19 + 242/2299.
13
Suppose 75*p + 4753 - 31078 = 0. Calculate the remainder when p is divided by 166.
19
Let m(a) = a**3 + 19*a**2 + a + 21. Let l be m(-19). Suppose -84 = -3*o + u + 2*u, 5*u = -l*o + 56. Calculate the remainder when o is divided by (-1)/3*-1*33.
6
Suppose 5*m + g - 2791 = 0, -39*m + 3*g = -37*m - 1096. What is the remainder when m is divided by 55?
7
Suppose 8*k - 46264 - 13490 = -15*k. Calculate the remainder when k is divided by 84.
78
Let n be 148/20 - 18/45. Suppose 2*f = b + 175, -3*f - n*b + 10*b + 258 = 0. What is the remainder when 435 is divided by f?
79
Let k(q) = 151*q - 10140. Calculate the remainder when k(78) is divided by 11.
10
Let o = -11164 - -13821. What is the remainder when o is divided by 11?
6
Suppose 4*i = a + 265, -6*a + 11*a - 127 = -2*i. Calculate the remainder when i is divided by 9/(-1 - (-88)/64).
18
Suppose 1378 + 2882 = 6*y. Calculate the remainder when y is divided by 14.
10
Let g = 139 + -209. Let f = -68 - g. Suppose 0 = -3*s - f*s + 125. Calculate the remainder when 98 is divided by s.
23
Let o = -661 - -716. What is the remainder when 494 is divided by o?
54
What is the remainder when 2884 - -1 - 0 - (-14 - 210/(-15)) is divided by 38?
35
Suppose -2*u = 3*r - 164, -4*u + 153 = 4*r - 63. Let a(i) = i**2 - 2*i - 2. Calculate the remainder when r is divided by a(6).
12
Let o(l) = -l**3 + 7*l**2 - 4*l - 4. Suppose 5*t - 2*n - 38 = 0, 6*n = 3*t + 7*n - 14. What is the remainder when o(4) is divided by t?
4
Let w(a) = a**2 - 7*a - 14. Let d be w(8). Let o be 4/1 - 1 - d/(-3). What is the remainder when 74 is divided by (-19)/76 + (o - (-202)/8)?
22
Let d be 10 - (-6 - -14) - -1*2. Suppose -100 = -4*l + d*j, -6*j = 3*l - j - 43. Calculate the remainder when 62 is divided by l.
20
Suppose 0 = z + i - 61, 5*z - 301 = 16*i - 19*i. What is the remainder when 161 is divided by z?
43
Let x(o) = o**3 + 4*o**2 - 3. Let k be x(-3). Suppose 4*j = -s + 4, 0 = j + 2*s + k. Calculate the remainder when 8 is divided by j.
0
Suppose 50 = 24*i - 454. Suppose -i*h + 22*h - 91 = 0. What is the remainder when h is divided by 48?
43
Let k(i) = i**3 + 6*i**2 - 3*i + 23. Let t(y) = -y**2 + 2*y - 6. Let x be t(0). What is the remainder when 450 is divided by k(x)?
40
Let l be (30 - 30)*2/4. Suppose 3*b - q - 149 - 83 = l, 4*b = -3*q + 318. Calculate the remainder when b is divided by 9.
6
Let a(y) = 203*y**2 + 123*y + 75. Calculate the remainder when a(-7) is divided by 65.
61
Suppose 5*s + 20 = -3*g, 69 = 4*g - 5*s + 49. Suppose -h - 4*p + 12 = 0, 0 = -5*h - p - g*p + 136. What is the remainder when 557 is divided by h?
25
Let v(u) = -3*u**3 + 81*u**2 + 47*u + 53. Calculate the remainder when v(26) is divided by 114.
111
Let v(z) = -34*z**2 - 423*z - 16. What is the remainder when v(-12) is divided by 53?
5
Let l be (44/(-8) - -5) + 45/10. Suppose 0 = -3*s + 5*f + 69, f + 91 = l*s - 18. Calculate the remainder when 60 is divided by s.
4
Let f be 1578/(-66) + (-1)/11. What is the remainder when (-488)/f - 2/(-3) is divided by 12?
9
Suppose -12*c + 15*c = h - 22, 8 = -2*c. Suppose -3*i + 94 = q, -h*i = -12*i + q + 61. What is the remainder when 91 is divided by i?
29
Let v = 218 + -381. Let t = -157 - v. What is the remainder when 14 is divided by t?
2
Let m = -4229 - -4767. Calculate the remainder when m is divided by 146.
100
Let c = -12157 + 12176. What is the remainder when 139 is divided by c?
6
Let b be (520/156)/(10/12). Suppose 2*f + 30 - 94 = 4*t, -f + b*t = -32. What is the remainder when f is divided by 13?
6
Let x be (-2)/8 - ((-325)/(-20))/(-5). Calculate the remainder when ((0 - -1)/(-1))/(x/(-348)) is divided by 18.
8
Suppose -4*z = -3*z, -z + 126 = 2*u. Suppose -55*w + 14*w = 260*w - 5418. Calculate the remainder when u is divided by w.
9
Let k(u) = -15*u**2 - 2*u**3 + 75 + u**2 + 61*u - 58*u. Calculate the remainder when k(-9) is divided by 75.
72
Suppose 12 = 4*y - 28. Suppose -5*o = -3*f - 82, 38 = 3*o - 456*f + 457*f. What is the remainder when o is divided by y?
4
Let d = 1192 + -1135. Calculate the remainder when 1472 is divided by d.
47
Let y(s) = 16*s**2 - 157*s + 81. Let g(q) = -7*q**2 + 79*q - 41. Let t(f) =